units digit of d?
4
What is the thousands digit of (9/4)/((-48)/16736)*-2?
1
Let g(y) = 33*y - 44. Let n be g(21). Let j = n + -409. What is the units digit of j?
0
Let x(b) = 3*b**2 + b. Let c be x(-5). Let r be c/8*(15 + -7). Suppose 0*d + d = 2*g - r, -g + 3*d + 40 = 0. What is the units digit of g?
4
Let f = 36 - 23. Let u(t) = -t**2 + 15*t + 9. What is the tens digit of u(f)?
3
Suppose -2*y = 8, -2*o + 8*y = 7*y + 4. What is the units digit of (o/6)/((-4)/24)?
4
Let s(a) be the second derivative of a**7/252 + a**5/120 + 2*a**4/3 + 5*a. Let o(u) be the third derivative of s(u). What is the tens digit of o(-2)?
4
Suppose 5*n - 14657 = -72*t + 73*t, 5*n - 14661 = 3*t. What is the units digit of n?
1
Let k be 4/(-10) + 8/((-280)/161). What is the tens digit of 6*(-1 - k)/(2/1)?
1
Suppose 6*v - 4187 = -47*v. What is the tens digit of v?
7
Suppose 0 = z + 3*c + 39, 3*z = 4*z + 2*c + 38. Let d be z*(3 - 34/8). What is the units digit of ((-342)/d)/((-1)/5)?
8
Suppose -5*f = -597 - 128. What is the units digit of f?
5
Let j(r) = -4*r**3 - 15*r**2 - 11*r + 17. Let w(x) = 3*x**3 + 14*x**2 + 10*x - 16. Let q(k) = 4*j(k) + 5*w(k). What is the units digit of q(10)?
8
Let h be (-1)/(-4) - (-11)/4. Let n be -5 + (-41)/(-8) - 115/(-40). Suppose v = h + n. What is the units digit of v?
6
Let u(c) = -195*c - 12. What is the tens digit of u(-3)?
7
Suppose 0 = h + 164 + 40. Let n = 24 - h. What is the tens digit of n?
2
Let p = 963 - -250. What is the hundreds digit of p?
2
Let y(s) = -2*s + 6. Suppose 3*o - 2*o = -4. Let p be y(o). Suppose -p*k + 185 = -9*k. What is the units digit of k?
7
Let b = 1 - 2. Let d = b + 1. Suppose -3*x + 15 = 0, -3*y - 2*y - 3*x + 30 = d. What is the units digit of y?
3
Let d(g) = -g**3 + 37*g**2 + 53*g - 52. What is the tens digit of d(38)?
1
Let a = -332 + 236. Let b = a + 342. What is the tens digit of b?
4
Let o(u) = 349*u - 310. What is the tens digit of o(5)?
3
Let d(x) = x**3 - 12*x**2 + 12*x + 21. Let o be d(10). Let z = o - -80. What is the units digit of z?
1
Let v be (-572)/15 - 10/(-75). What is the units digit of ((-7)/2)/(19/v)?
7
Let q = 608 - -733. What is the tens digit of q?
4
Suppose 3*v - v = 4. Suppose v*l + 66 = l. What is the tens digit of l/(-9)*6/4?
1
Let x = -612 - -1588. Suppose 9*i - x = -7*i. What is the tens digit of i?
6
Let t(f) = -f**3 + 10*f**2 - 7*f - 15. Let r be t(9). Suppose -y - 2 = 0, -r*q + 77 = -0*q - y. What is the units digit of q?
5
Let g(r) = 72*r - 67. What is the hundreds digit of g(14)?
9
Let x(f) = -17*f**3 + 52*f**3 - 3*f - 18*f**3 - 4*f**2 + 4 - 16*f**3. Let b = -4 - -9. What is the tens digit of x(b)?
1
Suppose -1 - 9 = 5*f, 3*z - 18 = 3*f. Suppose -54 - 2 = z*k. Let s = -5 - k. What is the units digit of s?
9
Let o(i) = i**2 - 5*i + 3. Let n be o(4). Let t be ((-32)/10)/((-1)/30*4). Let y = t - n. What is the units digit of y?
5
Suppose 2*a + 3*a + 5*u - 70 = 0, -35 = -5*a + 2*u. Suppose 11 + a = 4*m. Suppose 0*o + o + 59 = 3*i, 43 = i - m*o. What is the tens digit of i?
1
Suppose -b = 2*z - 13, -3*z - 11 = -2*b - 2*z. Suppose -b = -p - 2*h + 83, p - 96 = -4*h. What is the tens digit of p?
8
Let b(z) = 2*z**3 - 29*z**2 - 15*z + 5. Let m be b(15). Suppose t = -3*t - m*y + 437, t = 5*y + 103. What is the tens digit of t?
0
Suppose -4*k - k = -15. What is the tens digit of (7/k)/(7/189)?
6
Let y(r) = 2*r**3 - 49*r**2 + 40*r - 1. What is the hundreds digit of y(24)?
3
Let d be 1/(-5)*1 - (-416)/130. Suppose -d*o - c + 157 = 0, -o + 2*c = 18 - 75. What is the tens digit of o?
5
Let k(t) = 11*t**2 + 5*t - 99. What is the hundreds digit of k(5)?
2
Let l(c) be the first derivative of c**2 + 17*c + 14. What is the units digit of l(6)?
9
Let u(n) = 9*n**2 + n. Let q be u(-1). Suppose -2*r = -3*i + 11, 26 - q = -5*r - 2*i. What is the tens digit of -104*r/8*1?
5
Let l(x) = x**3 - 4*x**2 + x - 1. Let a be (-9)/6*8/(-12). Suppose a = t - 3. What is the units digit of l(t)?
3
What is the hundreds digit of (-2)/11 + -4 + (-170736)/(-88)?
9
Let a be 0/(-1 - -4 - 5). Let x(g) = -g**3 + g**2 - g + 4. Let m be x(a). What is the units digit of ((-2)/m)/(3/(-6))?
1
Let f be ((-2)/(-6))/(5/30). Suppose 0 = 2*i - l - 45 - 34, -2*i + f*l = -82. What is the tens digit of i?
3
Let k = 1082 - 543. What is the hundreds digit of k?
5
Suppose -19*c = -15*c - 12. Suppose 0 = 3*l + c, 2*l = 3*x - 24 - 170. What is the tens digit of x?
6
Let d(r) = -13*r**3 - 2*r**2 - r. Let t(a) = -a**2 + 7*a + 7. Let u be t(8). Let s be d(u). Let p(g) = -g + 14. What is the units digit of p(s)?
2
Suppose 7*l - 2 = 9*l. Let d be l + (5 - 3) + 1. What is the units digit of 6 + d - (0 - -3)?
5
Suppose 4*u - 16 + 40 = 0. What is the units digit of -3*8/u + 1?
5
Suppose -10 = -3*b + 2*s, 3*b + 2*s - 1 - 1 = 0. Suppose 253 = 2*v + 5*n, 2*v - b*n - 271 = -n. What is the hundreds digit of v?
1
What is the units digit of ((-104)/78)/((-4)/354)?
8
Suppose -14257 = -5*v + b, -5*b + 6077 = 5*v - 8198. What is the thousands digit of v?
2
Let q(u) = 1 - 4*u**2 - 7*u + 3 + 19*u**2 - 2*u. What is the tens digit of q(3)?
1
What is the hundreds digit of (-804)/(-7)*2079/66?
6
Let r(m) = -m**2 - 9*m - 2. Let h be r(-4). Let l = h - 11. What is the units digit of l?
7
Let q(h) = -h + 2. Let o be q(-2). Let k be (-6 + o)*(-25)/2. Suppose -v + k = -27. What is the units digit of v?
2
Suppose 5245 = -17*g + 19831. What is the hundreds digit of g?
8
Let v(m) = 33*m + 3. What is the units digit of v(11)?
6
Let v = 36 - 26. Let q be 5 + -4 + 35/(-5). Let s = q + v. What is the units digit of s?
4
Let f = 44 - 42. What is the tens digit of 92 - -3*f/(-3)?
9
Suppose i + 8*i - 378 = 0. Suppose -i = -2*b - b. What is the units digit of b?
4
Suppose 2*q - 4*x - 68 = 0, 2*q - 166 = -2*q - 2*x. What is the hundreds digit of 18/(3 + (-115)/q)?
1
Suppose -4*s - 5*n = 27, 12 = -9*s + 4*s + n. Let x be 3 + s/(-9)*129. Let q = 66 - x. What is the tens digit of q?
2
Let o(r) be the first derivative of -r**3/3 - 3*r**2 - 6*r + 4. Let h be o(-4). Suppose 14 = 3*d + h. What is the units digit of d?
4
Let w(f) = 1 - 2*f**3 - f - 68*f**2 + 67*f**2 + 1. What is the units digit of w(-3)?
0
Suppose 5*x - 4*v - v = -5, -5*x = 5*v - 5. Suppose 578 = 5*y - 4*w, x = -w - w - 4. What is the units digit of y?
4
Let j = -8 + 10. Let z(q) = q - 14. Let b be z(0). What is the units digit of (12/b)/(j/(-14))?
6
Let r = -272 + -2. Let v = 429 + r. What is the units digit of v?
5
Suppose 13*t = 7*t + 5460. Suppose 0 = -3*v - 2*k + 546, 6*v - 5*k - t = v. What is the tens digit of v?
8
Let r(d) be the third derivative of d**5/30 - d**4/12 - 5*d**2. Let o be r(3). Let b(m) = -m**3 + 12*m**2 + 3*m - 2. What is the units digit of b(o)?
4
Suppose -2*l + 793 + 519 = 0. What is the hundreds digit of l?
6
Let f(z) = -z**2 - 23*z - 26. Let c be f(-18). Suppose -x + 2*x - c = 0. What is the units digit of x?
4
Suppose 4*h - 8*i + 7*i - 47 = 0, 5*i + 19 = 2*h. Suppose 0 = 4*m - h, 4*k + 4*m - 232 = -0*k. What is the tens digit of k?
5
Suppose 918 = -0*o + 3*o. Suppose 0 = -2*q + 4*q - o. What is the hundreds digit of q?
1
Let c(r) = 5 + 3 - 5 + 6*r - 4. Let d be c(3). Suppose 4*j - 4*k = 23 + d, 3*k - 75 = -4*j. What is the units digit of j?
5
What is the tens digit of 479/(1/12*6)?
5
Suppose 0 = 5*f + 5*h - 120, 3*f - h = 12 + 44. Suppose 3*j - 43 = f. What is the units digit of 59/7 - j/49?
8
Suppose 2*y + 52 = -m + 5*m, 0 = 5*y - 3*m + 95. Let j be (-216)/(-22) + y/(-88). Suppose 2*c - 24 = j. What is the units digit of c?
7
Let t(o) = -o**2 - o. Let k(l) = -3*l**2 + 7*l - 8. Let j(q) = k(q) - 5*t(q). What is the units digit of j(-9)?
6
Suppose d + 4*d = 230. Suppose x + 21 - d = 0. What is the tens digit of x?
2
Let q(t) be the first derivative of 16*t**3/3 - t**2 - 2*t - 5. What is the tens digit of q(-2)?
6
What is the tens digit of 591/((2/(-4))/(17/(-17)))?
8
Let x = 618 + -1645. What is the units digit of 4/(-10) - (x/5 - 0)?
5
Suppose 0 = 5*h - h + 28. Let k = h + -5. What is the tens digit of (-166)/k + 10/60?
1
Let j = -23 + 27. Suppose 3*q - 16 + j = 0. Suppose 30 = -q*n + 86. What is the tens digit of n?
1
Let n(h) = -5*h - 10. Suppose l + r + 9 = 0, 2*l - 5*r - 27 = 4*l. Let t be n(l). Suppose 0 = 4*i + t, -5*c + 285 = 3*i - 5*i. What is the units digit of c?
5
Let k = 5